8c7?
a51
In base 11, what is -46 - 232?
-278
In base 12, what is 54 - -b75?
1009
In base 12, what is -1aa8 - b?
-1ab7
In base 10, what is 0 + -156831?
-156831
In base 12, what is 17ba1 + 11?
17bb2
In base 13, what is -ac + 68?
-44
In base 4, what is 1111110 + -201?
1110303
In base 14, what is -1 - -b2c8?
b2c7
In base 14, what is -24392b - -5?
-243926
In base 8, what is -610143 + -23?
-610166
In base 8, what is 757272 - -5?
757277
In base 2, what is 1100000011110 - -10000100?
1100010100010
In base 10, what is -91 + 21851?
21760
In base 2, what is 111000001111010111 - -10?
111000001111011001
In base 2, what is 10101000011 + -110100?
10100001111
In base 10, what is -43905 + -1?
-43906
In base 7, what is -16043 + 24?
-16016
In base 11, what is 240 + 283?
513
In base 3, what is 11010 - -1212110201?
1212121211
In base 12, what is -23 - 14b0?
-1513
In base 6, what is -1424542 + -23?
-1425005
In base 12, what is -8 - -521?
515
In base 13, what is -b399 - 61?
-b42a
In base 6, what is 250 + 15403?
20053
In base 7, what is 133 - 1023?
-560
In base 9, what is 1011 + 626?
1637
In base 7, what is -5004 + -34?
-5041
In base 5, what is 10121 - -13?
10134
In base 11, what is 3317 - 24?
32a3
In base 4, what is -21302 - -121?
-21121
In base 3, what is 1122101121112 - 11?
1122101121101
In base 9, what is 10061 + -26?
10034
In base 10, what is -4 - -200450?
200446
In base 2, what is 101111011111001110010 + -101?
101111011111001101101
In base 13, what is -4c59cb - 2?
-4c5a00
In base 4, what is -20331322 - 11?
-20331333
In base 6, what is -115113 - 3?
-115120
In base 11, what is -3 + 31453?
31450
In base 8, what is 66 - 14173?
-14105
In base 11, what is -24 + 922?
8a9
In base 13, what is -13946 - 0?
-13946
In base 9, what is 350517 - 4?
350513
In base 5, what is 2 + -13102000?
-13101443
In base 10, what is -13303 - 3?
-13306
In base 7, what is 32335 - -153?
32521
In base 3, what is 1 - 1100100222?
-1100100221
In base 5, what is -134214 + -1441?
-141210
In base 9, what is 21 - 1286?
-1265
In base 12, what is -b7a + -8?
-b86
In base 14, what is 79 + -129c?
-1223
In base 9, what is -8108 + 2?
-8106
In base 9, what is -51 + -816?
-867
In base 4, what is 203 + -22202?
-21333
In base 6, what is 3 + -124000?
-123553
In base 14, what is 963 - 1a?
947
In base 3, what is 120 - -210102111?
210110001
In base 5, what is 4 - -11442040?
11442044
In base 15, what is -11e60b - 5?
-11e611
In base 11, what is -201 + -1a93?
-2194
In base 16, what is 203c5 + d?
203d2
In base 8, what is 43 - 137?
-74
In base 13, what is -1398 - 1a?
-13b5
In base 5, what is 104433 + 234?
110222
In base 4, what is 3 + -2000112120?
-2000112111
In base 8, what is 1473731 - 1?
1473730
In base 9, what is -16728 + -136?
-16865
In base 3, what is -110 + 11010112000?
11010111120
In base 2, what is 11101010010010 + -101?
11101010001101
In base 2, what is 10101 + -10011001101100?
-10011001010111
In base 5, what is -12114 + 220?
-11344
In base 16, what is 1 - -1d3c7?
1d3c8
In base 6, what is 15 - 50124?
-50105
In base 3, what is 10001111111021 - -2?
10001111111100
In base 5, what is -310011 + 1?
-310010
In base 4, what is 0 + 13010?
13010
In base 9, what is 51553 + -4?
51548
In base 13, what is -1 + -26bca?
-26bcb
In base 11, what is -111 + -a411?
-a522
In base 14, what is -36 - -4647?
4611
In base 9, what is 5473 - 2476?
2886
In base 15, what is -78 + -1a9?
-232
In base 4, what is 2321302 + 10?
2321312
In base 3, what is 1221110121 - 0?
1221110121
In base 8, what is -2 - -11136?
11134
In base 9, what is 3774 + -442?
3332
In base 7, what is 130 - 100212?
-100052
In base 8, what is -20473 + -64?
-20557
In base 11, what is -590 - 461?
-a41
In base 11, what is 133a12 + 5?
133a17
In base 6, what is -1525 + -1332?
-3301
In base 16, what is 15 - -2d?
42
In base 16, what is 7ee6 - 0?
7ee6
In base 10, what is 101 - 32604?
-32503
In base 14, what is 18 - -71b?
735
In base 11, what is 2 - -467821?
467823
In base 15, what is -5 + 419e?
4199
In base 4, what is -122 - 2020033?
-2020221
In base 4, what is 1113022 + -22332?
1030030
In base 9, what is 581 - 137?
443
In base 14, what is -56ab7 + 0?
-56ab7
In base 9, what is 0 - 13456?
-13456
In base 12, what is -4 + -92670?
-92674
In base 6, what is -10 - 41302?
-41312
In base 3, what is -211101 + -212?
-212020
In base 3, what is -112101 + 2120110?
2001002
In base 9, what is 31855 + -101?
31754
In base 7, what is -32 - 64020?
-64052
In base 10, what is 954 + 293?
1247
In base 7, what is 43 + 66150?
66223
In base 15, what is 236 + 6?
23c
In base 2, what is -11111011010010 + 1010100?
-11111001111110
In base 15, what is 33 - -2b28?
2b5b
In base 3, what is 212122221022 - 0?
212122221022
In base 5, what is 14 + 1101213?
1101232
In base 13, what is -79bb6 + -4?
-79bba
In base 9, what is -3 - -54455?
54452
In base 13, what is 693 - -693?
1056
In base 16, what is 39 + 5bfe?
5c37
In base 13, what is b1 - -1b9b?
1c7c
In base 7, what is -14422 + 25?
-14364
In base 14, what is 4 - -15d2?
15d6
In base 6, what is -1445521 + 32?
-1445445
In base 2, what is -1001 - -10011101001100?
10011101000011
In base 12, what is -13b + -26?
-165
In base 7, what is 53 + 51110?
51163
In base 8, what is 1534 - -10177?
11733
In base 10, what is 40090 - -1?
40091
In base 4, what is 10312 + 1220?
12132
In base 16, what is 4 + 50a33?
50a37
In base 11, what is 6 - -26a?
275
In base 5, what is -11 + -4131133?
-4131144
In base 3, what is 1012 - -21122001?
21200020
In base 7, what is -13311 - 12?
-13323
In base 15, what is 3 + 5957?
595a
In base 14, what is -17d - 2c?
-1ab
In base 8, what is 4 - 36442?
-36436
In base 2, what is 1000000110011101101 + 10?
1000000110011101111
In base 4, what is 11 - -1112322202?
1112322213
In base 12, what is 0 - 7b64?
-7b64
In base 6, what is -3 - 20240?
-20243
In base 9, what is 108683 - 8?
108674
In base 14, what is 2d4c + -13?
2d39
In base 14, what is 148 - 245?
-db
In base 4, what is 22 - -11003002?
11003030
In base 8, what is -2 - 2657103?
-2657105
In base 16, what is 2799f - -1a?
279b9
In base 16, what is 0 + -4555a?
-4555a
In base 11, what is 2411 + 8?
2419
In base 7, what is 4 - -3456422?
3456426
In base 8, what is 201 + -11274?
-11073
In base 8, what is 0 + 622147?
622147
In base 13, what is c9 - -41?
13a
In base 4, what is -13 + -11012110?
-11012123
In base 3, what is 0 + -10211210022?
-10211210022
In base 3, what is -1211211110 - -1?
-1211211102
In base 5, what is 23 - -241323?
241401
In base 10, what is 325 - -379?
704
In base 7, what is -21463 - 1?
-21464
In base 12, what is 7350 + -40?
7310
In base 4, what is -221 - 13132013?
-13132300
In base 2, what is -100101100000 - -11011?
-100101000101
In base 2, what is 100100111100110 - 10?
100100111100100
In base 12, what is 15 + 943?
958
In base 6, what is -3 - -12014302?
12014255
In base 11, what is -5 + 32620?
32616
In base 12, what is 3 - -aa8?
aab
In base 5, what is -3233 - -11?
-3222
In base 14, what is -13b + 42c?
2d1
In base 11, what is -3843 - -2?
-3841
In base 12, what is 1b1a - 29?
1ab1
In base 4, what is 12021 - 11301?
120
In base 12, what is -378 + -84?
-440
In base 2, what is -111100111001100 - 0?
-111100111001100
In base 10, what is 2783 + 13?
2796
In base 8, what is 12467 + -236?
12231
In base 6, what is -10031 + 344?
-5243
In base 7, what is -60 - -14050?
13660
In base 15, what is -3513 - -e?
-3504
In base 7, what is -42015 - 6?
-42024
In base 15, what is -9517 - 0?
-9517
In base 15, what is 6057 + -c?
604a
In base 12, what is 1269 + 23b?
14a8
In base 11, what is -1a2 + -42?
-234
In base 6, what is -41 + -3420?
-3501
In base 14, what is -13 - 2488?
-249b
In base 5, what is -3314 - -33302?
24433
In base 11, what is -1673 - 93?
-1756
In base 15, what is -842 - 7c?
-8be
In base 14, what is 2 + -26759?
-26757
In base 13, what is -7693 + 3?
-7690
In base 8, what is 2472021 + -1?
2472020
In base 4, what is -131 - -303033?
302302
In base 8, what is 1 - 34224?
-34223
In base 13, what is 3304b - 2?
33049
In base 12, what is -2007 + -1?
-2008
In base 14, what is 3cd - -5b3?
9a2
In base 7, what is 14401 + 44?
14445
In base 8, what is -55 - -557?
502
In base 2, what is 10 - 11101000101?
-11101000011
In base 2, what is 0 + 11011000001010010101?
11011000001010010101
In base 3, what is -11 + 21220002011?
21220002000
In base 11,